t is -44014 (base 5) in base 8?
-5701
Convert -3a7 (base 12) to base 4.
-20233
What is -3364 (base 14) in base 13?
-4093
Convert -4661 (base 9) to base 6.
-24001
-11010111 (base 2) to base 15
-e5
Convert 4285 (base 9) to base 4.
301103
233b (base 14) to base 11
4672
What is 1753 (base 16) in base 12?
3557
-7060 (base 13) to base 3
-210012111
What is -9de7 (base 15) in base 2?
-1000001011101101
What is 1422 (base 7) in base 8?
1053
-125430 (base 6) to base 2
-10110101011010
Convert 855 (base 9) to base 10.
698
262 (base 11) to base 14
182
What is 35532 (base 7) in base 6?
110310
What is -1002101 (base 4) in base 14?
-178d
What is -43 (base 7) in base 9?
-34
What is -220210 (base 4) in base 7?
-10366
What is -2154 (base 10) in base 9?
-2853
Convert 2906 (base 14) to base 2.
1110001011010
What is -91 (base 12) in base 5?
-414
Convert c0 (base 14) to base 12.
120
Convert -497 (base 10) to base 15.
-232
Convert -44c (base 16) to base 7.
-3131
What is 64c9 (base 16) in base 2?
110010011001001
What is 10489 (base 12) in base 5?
1141132
Convert 1012211210 (base 3) to base 5.
1231233
-659 (base 11) to base 6
-3354
-13332 (base 7) to base 11
-2783
What is -112141 (base 5) in base 9?
-5485
Convert -209 (base 12) to base 14.
-173
What is -47b (base 12) in base 2?
-1010011111
Convert 11022 (base 6) to base 3.
2002112
What is 435 (base 12) in base 3?
211212
Convert -375 (base 14) to base 3.
-221121
What is 1101212 (base 3) in base 12?
712
Convert -10d9 (base 16) to base 7.
-15401
What is -131331 (base 5) in base 15?
-182b
Convert -12959 (base 12) to base 8.
-61725
804 (base 9) to base 5
10102
What is -140033 (base 5) in base 16?
-160b
15aa (base 12) to base 15
b6d
14440 (base 9) to base 15
2dac
What is 1103100 (base 4) in base 10?
5328
Convert -10c3 (base 13) to base 3.
-10020021
-225333 (base 6) to base 15
-5b03
What is -4492 (base 10) in base 6?
-32444
What is 1000101100100 (base 2) in base 6?
32340
-173 (base 11) to base 5
-1301
Convert -2945 (base 12) to base 16.
-12c5
What is 123 (base 11) in base 12?
102
What is 87a6 (base 13) in base 2?
100100111001111
Convert 455 (base 10) to base 9.
555
What is 368 (base 10) in base 13?
224
Convert 112 (base 16) to base 15.
134
Convert 1033000 (base 4) to base 11.
3887
What is -12903 (base 10) in base 2?
-11001001100111
What is 879 (base 13) in base 16?
5ac
Convert -1445 (base 7) to base 15.
-282
-15141 (base 7) to base 6
-31230
What is -5021 (base 12) in base 10?
-8665
Convert -4b7d (base 15) to base 5.
-1003333
-302 (base 9) to base 2
-11110101
What is -11211 (base 5) in base 15?
-38b
Convert 44033 (base 5) to base 2.
101111001010
What is 2361 (base 13) in base 3?
20211110
15749 (base 10) to base 11
10918
-3333033 (base 4) to base 7
-65424
1013101 (base 4) to base 10
4561
-10010111110100 (base 2) to base 12
-5758
Convert 463 (base 13) to base 9.
1031
Convert 47035 (base 10) to base 8.
133673
What is -628 (base 13) in base 8?
-2030
Convert 311b (base 15) to base 10.
10376
-225424 (base 6) to base 15
-5b24
Convert -3d8d (base 14) to base 11.
-8214
What is 62206 (base 7) in base 4?
3231130
Convert 3431 (base 5) to base 12.
34b
Convert -2094 (base 11) to base 4.
-223031
What is -21 (base 15) in base 7?
-43
What is 7607 (base 8) in base 15?
12a0
What is -dc39 (base 15) in base 2?
-1011011000100101
Convert -355232 (base 6) to base 12.
-15b18
a0b8 (base 13) to base 10
22121
Convert 74 (base 13) to base 5.
340
12494 (base 10) to base 2
11000011001110
Convert 1228 (base 14) to base 5.
100142
What is -9d2a (base 14) in base 6?
-330150
-1120132 (base 4) to base 13
-2767
Convert 170 (base 9) to base 4.
2100
Convert -2376 (base 8) to base 15.
-5a3
Convert 353 (base 16) to base 2.
1101010011
What is -20012 (base 3) in base 11?
-142
What is 20101210 (base 3) in base 8?
11071
-101110111100101 (base 2) to base 12
-11ab1
What is -926 (base 11) in base 16?
-45d
What is -4c0 (base 13) in base 14?
-436
Convert 2c81 (base 14) to base 7.
32121
What is 23203 (base 4) in base 5?
10424
1777b (base 13) to base 9
68030
Convert -437 (base 10) to base 8.
-665
What is 3ab0 (base 16) in base 7?
61542
Convert 419 (base 16) to base 4.
100121
What is -11000001101 (base 2) in base 4?
-120031
11 (base 7) to base 16
8
What is -1001110101 (base 2) in base 4?
-21311
202132 (base 4) to base 5
32311
223 (base 5) to base 3
2100
Convert 13200 (base 4) to base 15.
220
Convert -21133 (base 6) to base 14.
-1089
Convert -1010 (base 8) to base 4.
-20020
-17758 (base 10) to base 4
-10111132
Convert -b31 (base 15) to base 5.
-40041
Convert 282f (base 16) to base 5.
312122
What is 13 (base 14) in base 8?
21
Convert -18e (base 15) to base 10.
-359
Convert -1210210 (base 3) to base 10.
-1317
2bb (base 12) to base 6
1555
Convert -1233 (base 8) to base 9.
-821
What is 200111 (base 3) in base 13?
2c5
What is -1047 (base 11) in base 5?
-21012
204 (base 13) to base 4
11112
What is -51052 (base 7) in base 14?
-4729
2230 (base 6) to base 2
1000001010
Convert 20d3 (base 14) to base 4.
1120221
-42760 (base 8) to base 15
-5489
Convert -111002210 (base 3) to base 10.
-9552
13220 (base 4) to base 7
1265
What is -25030 (base 6) in base 2?
-111001101010
-40ab (base 14) to base 12
-6533
-1447 (base 10) to base 13
-874
Convert 2172 (base 8) to base 11.
952
Convert 2af (base 16) to base 13.
40b
Convert 30505 (base 6) to base 13.
1b14
-1414 (base 9) to base 7
-3052
-212276 (base 8) to base 10
-70846
What is 4200 (base 5) in base 6?
2314
What is -1001001111 (base 2) in base 15?
-296
-23655 (base 12) to base 9
-72242
What is 11ab (base 15) in base 8?
7261
What is 2a4c (base 13) in base 2?
1100000000100
Convert -230031 (base 4) to base 5.
-42304
What is 5c2 (base 16) in base 10?
1474
What is 8873 (base 11) in base 10?
11696
What is -110000100000001 (base 2) in base 14?
-909b
-112232 (base 4) to base 13
-87b
Convert -128827 (base 9) to base 3.
-10222220221
-178 (base 13) to base 2
-100001100
1477 (base 9) to base 7
3163
What is 1210210 (base 4) in base 14?
24ba
Convert -22 (base 9) to base 16.
-14
-6717 (base 9) to base 10
-4957
Convert 230 (base 12) to base 5.
2244
Convert 10724 (base 10) to base 11.
806a
What is -51c0 (base 16) in base 4?
-11013000
Convert -ab (base 14) to base 5.
-1101
-14047 (base 10) to base 9
-21237
What is -1121102 (base 3) in base 6?
-5232
4776 (base 8) to base 3
10111202
Convert 132a (base 14) to base 11.
2594
What is 2352 (base 9) in base 7?
5045
494a (base 12) to base 4
2001022
Convert -8a4 (base 12) to base 6.
-5524
Convert 369 (base 10) to base 14.
1c5
Convert -10010100111 (base 2) to base 6.
-5303
What is -64 (base 9) in base 16?
-3a
-7385 (base 13) to base 7
-64430
2363 (base 16) to base 14
3431
What is -2728 (base 9) in base 3?
-2210222
What is -13265 (base 7) in base 11?
-2760
What is -27750 (base 9) in base 16?
-4995
Convert 340111 (base 5) to base 14.
44a6
Convert -1b4 (base 14) to base 13.
-213
Convert 3250 (base 7) to base 8.
2212
Convert -116214 (base 8) to base 5.
-2240301
b2 (base 15) to base 11
142
Convert 222122 (base 4) to base 5.
41324
1030221 (base 4) to base 15
16c0
6342 (base 8) to base 13
1669
What is 40 (base 11) in base 6?
112
75335 (base 8) to base 2
111101011011101
Convert 400 (base 9) to base 10.
324
What is 670 (base 10) in base 14?
35c
59be (base 16) to base 10
22974
What is 101001100101 (base 2) in base 3?
10122120
Convert 1110 (base 5) to base 15.
a5
Convert -2023 (base 6) to base 4.
-12333
Convert 10111111011010 (base 2) to base 5.
343000
Convert 2442331 (base 5) to base 4.
23113333
111010011001010 (base 2) to base 11
20510
-101010100 (base 2) to base 13
-202
What is 111201 (base 3) in base 11?
307
What is -572 (base 8) in base 4?
-11322
Convert 60256 (base 7) to base 9.
21851
What is -13869 (base 12) in base 5?
-1332103
788 (base 11) to base 4
32233
What is 30030 (base 4) in base 5?
11110
Convert 10233 (base 4) to base 6.
1223
210000 (base 3) to base 13
348
-101001001 (base 2) to base 10
-329
Convert -5153 (base 7) to base 2.
-11100001010
Convert 3771 (base 12) to base 10.
6277
Convert 31804 (base 9) to base 15.
6394
211021 (base 3) to base 10
601
What is -1f5 (base 16) in base 15?
-236
What is 154 (base 11) in base 2?
10110100
Convert -27d7 (base 15) to base 11.
-6452
Convert -22705 (base 8) to base 9.
-14233
What is 1013a